of 24310.
2, 5, 11, 13, 17
List the prime factors of 100121.
7, 14303
List the prime factors of 713.
23, 31
List the prime factors of 486.
2, 3
List the prime factors of 7431.
3, 2477
What are the prime factors of 129464?
2, 16183
List the prime factors of 662.
2, 331
List the prime factors of 4158.
2, 3, 7, 11
What are the prime factors of 4382?
2, 7, 313
What are the prime factors of 124217?
31, 4007
What are the prime factors of 71588?
2, 11, 1627
List the prime factors of 6161.
61, 101
What are the prime factors of 47521?
47521
List the prime factors of 7707.
3, 7, 367
List the prime factors of 149325.
3, 5, 11, 181
What are the prime factors of 70?
2, 5, 7
List the prime factors of 4887.
3, 181
List the prime factors of 3042.
2, 3, 13
List the prime factors of 68853.
3, 59, 389
What are the prime factors of 238?
2, 7, 17
What are the prime factors of 21362?
2, 11, 971
List the prime factors of 2563.
11, 233
What are the prime factors of 27940?
2, 5, 11, 127
What are the prime factors of 1193?
1193
What are the prime factors of 1023?
3, 11, 31
List the prime factors of 1135.
5, 227
List the prime factors of 4115.
5, 823
What are the prime factors of 3898?
2, 1949
List the prime factors of 4490.
2, 5, 449
List the prime factors of 1049.
1049
What are the prime factors of 33474?
2, 3, 7, 797
What are the prime factors of 682?
2, 11, 31
List the prime factors of 3720.
2, 3, 5, 31
What are the prime factors of 29501?
29501
List the prime factors of 2553.
3, 23, 37
What are the prime factors of 6512?
2, 11, 37
What are the prime factors of 1625?
5, 13
List the prime factors of 188.
2, 47
What are the prime factors of 15593?
31, 503
What are the prime factors of 1361?
1361
What are the prime factors of 38684?
2, 19, 509
What are the prime factors of 1353?
3, 11, 41
List the prime factors of 1030.
2, 5, 103
What are the prime factors of 4095?
3, 5, 7, 13
What are the prime factors of 16400?
2, 5, 41
What are the prime factors of 15061?
15061
What are the prime factors of 1828?
2, 457
List the prime factors of 9453.
3, 23, 137
List the prime factors of 3146.
2, 11, 13
What are the prime factors of 45686?
2, 53, 431
What are the prime factors of 4689?
3, 521
What are the prime factors of 34696?
2, 4337
What are the prime factors of 3746?
2, 1873
List the prime factors of 42177.
3, 17, 827
What are the prime factors of 944?
2, 59
List the prime factors of 57075.
3, 5, 761
List the prime factors of 22451.
11, 13, 157
List the prime factors of 1381.
1381
What are the prime factors of 73471?
73471
What are the prime factors of 11328?
2, 3, 59
What are the prime factors of 306?
2, 3, 17
What are the prime factors of 48804?
2, 3, 7, 83
What are the prime factors of 3572?
2, 19, 47
List the prime factors of 1131.
3, 13, 29
List the prime factors of 20909.
7, 29, 103
What are the prime factors of 193?
193
What are the prime factors of 2860?
2, 5, 11, 13
List the prime factors of 3264.
2, 3, 17
What are the prime factors of 16583?
7, 23, 103
What are the prime factors of 8628?
2, 3, 719
List the prime factors of 87.
3, 29
List the prime factors of 131.
131
What are the prime factors of 52772?
2, 79, 167
What are the prime factors of 2733?
3, 911
What are the prime factors of 12356?
2, 3089
What are the prime factors of 9290?
2, 5, 929
What are the prime factors of 1131?
3, 13, 29
What are the prime factors of 789?
3, 263
List the prime factors of 1428.
2, 3, 7, 17
List the prime factors of 42295.
5, 11, 769
What are the prime factors of 17538?
2, 3, 37, 79
List the prime factors of 809.
809
What are the prime factors of 781?
11, 71
What are the prime factors of 557?
557
List the prime factors of 186690.
2, 3, 5, 7, 127
What are the prime factors of 476?
2, 7, 17
What are the prime factors of 4745?
5, 13, 73
List the prime factors of 9332.
2, 2333
List the prime factors of 19294.
2, 11, 877
What are the prime factors of 22514?
2, 11257
What are the prime factors of 10140?
2, 3, 5, 13
What are the prime factors of 276?
2, 3, 23
What are the prime factors of 31419?
3, 3491
List the prime factors of 107406.
2, 3, 13, 17
List the prime factors of 2599.
23, 113
List the prime factors of 36233.
19, 1907
What are the prime factors of 69287?
193, 359
List the prime factors of 16546.
2, 8273
List the prime factors of 5610.
2, 3, 5, 11, 17
What are the prime factors of 5016?
2, 3, 11, 19
What are the prime factors of 5589?
3, 23
List the prime factors of 7863.
3, 2621
What are the prime factors of 242?
2, 11
What are the prime factors of 2887?
2887
What are the prime factors of 7195?
5, 1439
List the prime factors of 72035.
5, 14407
List the prime factors of 11078.
2, 29, 191
What are the prime factors of 1578?
2, 3, 263
What are the prime factors of 42512?
2, 2657
What are the prime factors of 10073?
7, 1439
What are the prime factors of 1603?
7, 229
List the prime factors of 7768.
2, 971
List the prime factors of 4812.
2, 3, 401
What are the prime factors of 731?
17, 43
List the prime factors of 4803.
3, 1601
What are the prime factors of 694?
2, 347
List the prime factors of 4558.
2, 43, 53
List the prime factors of 7629.
3, 2543
List the prime factors of 3368.
2, 421
What are the prime factors of 1278?
2, 3, 71
List the prime factors of 2983.
19, 157
List the prime factors of 2759.
31, 89
List the prime factors of 42372.
2, 3, 11, 107
What are the prime factors of 1380?
2, 3, 5, 23
What are the prime factors of 68997?
3, 109, 211
List the prime factors of 3999.
3, 31, 43
What are the prime factors of 173487?
3, 57829
What are the prime factors of 4233?
3, 17, 83
What are the prime factors of 937?
937
What are the prime factors of 6272?
2, 7
List the prime factors of 17240.
2, 5, 431
What are the prime factors of 2638?
2, 1319
List the prime factors of 8343.
3, 103
List the prime factors of 5513.
37, 149
List the prime factors of 1281.
3, 7, 61
List the prime factors of 1944.
2, 3
What are the prime factors of 2044?
2, 7, 73
List the prime factors of 10345.
5, 2069
List the prime factors of 15906.
2, 3, 11, 241
What are the prime factors of 277?
277
What are the prime factors of 173?
173
What are the prime factors of 8847?
3, 983
List the prime factors of 22158.
2, 3, 1231
What are the prime factors of 383?
383
List the prime factors of 3324.
2, 3, 277
List the prime factors of 1003.
17, 59
What are the prime factors of 66891?
3, 11, 2027
List the prime factors of 10136.
2, 7, 181
What are the prime factors of 1805?
5, 19
What are the prime factors of 11227?
103, 109
List the prime factors of 2326.
2, 1163
List the prime factors of 2475.
3, 5, 11
What are the prime factors of 83097?
3, 7, 1319
List the prime factors of 6026.
2, 23, 131
List the prime factors of 5615.
5, 1123
List the prime factors of 51554.
2, 149, 173
What are the prime factors of 693?
3, 7, 11
List the prime factors of 12456.
2, 3, 173
What are the prime factors of 660?
2, 3, 5, 11
What are the prime factors of 90495?
3, 5, 2011
What are the prime factors of 138900?
2, 3, 5, 463
What are the prime factors of 44634?
2, 3, 43, 173
What are the prime factors of 10096?
2, 631
List the prime factors of 1689.
3, 563
List the prime factors of 73703.
7, 10529
What are the prime factors of 41794?
2, 20897
List the prime factors of 90631.
90631
List the prime factors of 8848.
2, 7, 79
What are the prime factors of 2350?
2, 5, 47
List the prime factors of 4110.
2, 3, 5, 137
What are the prime factors of 3502?
2, 17, 103
List the prime factors of 801.
3, 89
List the prime factors of 1052.
2, 263
List the prime factors of 65352.
2, 3, 7, 389
List the prime factors of 1535.
5, 307
List the prime factors of 5040.
2, 3, 5, 7
List the prime factors of 16288.
2, 509
What are the prime factors of 34344?
2, 3, 53
What are the prime factors of 12457?
12457
List the prime factors of 1370.
2, 5, 137
What are the prime factors of 13793?
13, 1061
What are the prime factors of 1554?
2, 3, 7, 37
List the prime factors of 573.
3, 191
List the prime factors of 7256.
2, 907
What are the prime factors of 47782?
2, 7, 3413
What are the prime factors of 18975?
3, 5, 11, 23
List the prime factors of 2011.
2011
What are the prime factors of 784?
2, 7
What are the prime factors of 98449?
13, 7573
List the prime factors of 1334